[INFO] cloning repository https://github.com/stevepryde/kevlar-example
[INFO] running `Command { std: "git" "-c" "credential.helper=" "-c" "credential.helper=/workspace/cargo-home/bin/git-credential-null" "clone" "--bare" "https://github.com/stevepryde/kevlar-example" "/workspace/cache/git-repos/https%3A%2F%2Fgithub.com%2Fstevepryde%2Fkevlar-example", kill_on_drop: false }`
[INFO] [stderr] Cloning into bare repository '/workspace/cache/git-repos/https%3A%2F%2Fgithub.com%2Fstevepryde%2Fkevlar-example'...
[INFO] running `Command { std: "git" "rev-parse" "HEAD", kill_on_drop: false }`
[INFO] [stdout] bfa920488c1b2f3ed568f6979cb45db53fa5b9ff
[INFO] checking stevepryde/kevlar-example against try#72f88fc4e9458f89516a0b8b0868f3718aec5b47 for pr-74989
[INFO] running `Command { std: "git" "clone" "/workspace/cache/git-repos/https%3A%2F%2Fgithub.com%2Fstevepryde%2Fkevlar-example" "/workspace/builds/worker-14/source", kill_on_drop: false }`
[INFO] [stderr] Cloning into '/workspace/builds/worker-14/source'...
[INFO] [stderr] done.
[INFO] validating manifest of git repo https://github.com/stevepryde/kevlar-example on toolchain 72f88fc4e9458f89516a0b8b0868f3718aec5b47
[INFO] running `Command { std: "/workspace/cargo-home/bin/cargo" "+72f88fc4e9458f89516a0b8b0868f3718aec5b47" "read-manifest" "--manifest-path" "Cargo.toml", kill_on_drop: false }`
[INFO] started tweaking git repo https://github.com/stevepryde/kevlar-example
[INFO] removed path dependency kevlar from git repo https://github.com/stevepryde/kevlar-example
[INFO] removed path dependency thirtyfour from git repo https://github.com/stevepryde/kevlar-example
[INFO] finished tweaking git repo https://github.com/stevepryde/kevlar-example
[INFO] tweaked toml for git repo https://github.com/stevepryde/kevlar-example written to /workspace/builds/worker-14/source/Cargo.toml
[INFO] crate git repo https://github.com/stevepryde/kevlar-example already has a lockfile, it will not be regenerated
[INFO] running `Command { std: "/workspace/cargo-home/bin/cargo" "+72f88fc4e9458f89516a0b8b0868f3718aec5b47" "fetch" "--locked" "--manifest-path" "Cargo.toml", kill_on_drop: false }`
[INFO] [stderr] warning: dependency (kevlar) specified without providing a local path, Git repository, or version to use. This will be considered an error in future versions
[INFO] [stderr] warning: dependency (thirtyfour) specified without providing a local path, Git repository, or version to use. This will be considered an error in future versions
[INFO] [stderr]     Updating crates.io index
[INFO] [stderr] error: the lock file /workspace/builds/worker-14/source/Cargo.lock needs to be updated but --locked was passed to prevent this
[INFO] [stderr] If you want to try to generate the lock file without accessing the network, use the --offline flag.
[INFO] the lockfile is outdated, regenerating it
[INFO] running `Command { std: "/workspace/cargo-home/bin/cargo" "+72f88fc4e9458f89516a0b8b0868f3718aec5b47" "generate-lockfile" "--manifest-path" "Cargo.toml" "-Zno-index-update", kill_on_drop: false }`
[INFO] running `Command { std: "/workspace/cargo-home/bin/cargo" "+72f88fc4e9458f89516a0b8b0868f3718aec5b47" "fetch" "--locked" "--manifest-path" "Cargo.toml", kill_on_drop: false }`
[INFO] [stderr] warning: dependency (kevlar) specified without providing a local path, Git repository, or version to use. This will be considered an error in future versions
[INFO] [stderr] warning: dependency (thirtyfour) specified without providing a local path, Git repository, or version to use. This will be considered an error in future versions
[INFO] [stderr]  Downloading crates ...
[INFO] [stderr]   Downloaded thirtyfour v0.15.1
[INFO] [stderr]   Downloaded kevlar v0.1.2
[INFO] [stderr]   Downloaded fantoccini v0.12.1
[INFO] running `Command { std: "docker" "create" "-v" "/var/lib/crater-agent-workspace/builds/worker-14/target:/opt/rustwide/target:rw,Z" "-v" "/var/lib/crater-agent-workspace/builds/worker-14/source:/opt/rustwide/workdir:ro,Z" "-v" "/var/lib/crater-agent-workspace/cargo-home:/opt/rustwide/cargo-home:ro,Z" "-v" "/var/lib/crater-agent-workspace/rustup-home:/opt/rustwide/rustup-home:ro,Z" "-e" "SOURCE_DIR=/opt/rustwide/workdir" "-e" "CARGO_TARGET_DIR=/opt/rustwide/target" "-e" "CARGO_HOME=/opt/rustwide/cargo-home" "-e" "RUSTUP_HOME=/opt/rustwide/rustup-home" "-w" "/opt/rustwide/workdir" "-m" "1610612736" "--user" "0:0" "--network" "none" "rustops/crates-build-env@sha256:d92eaeed33fa75130ca1ee6c8a01d1ffb62bac859dfdfb3450e3e5d1c0146529" "/opt/rustwide/cargo-home/bin/cargo" "+72f88fc4e9458f89516a0b8b0868f3718aec5b47" "metadata" "--no-deps" "--format-version=1", kill_on_drop: false }`
[INFO] [stdout] 4164cc83a05aeb99f51fe0709d41ab4bcf5b3148dda67afa9e8f58c4751a7dfe
[INFO] [stderr] WARNING: Your kernel does not support swap limit capabilities or the cgroup is not mounted. Memory limited without swap.
[INFO] running `Command { std: "docker" "start" "-a" "4164cc83a05aeb99f51fe0709d41ab4bcf5b3148dda67afa9e8f58c4751a7dfe", kill_on_drop: false }`
[INFO] running `Command { std: "docker" "inspect" "4164cc83a05aeb99f51fe0709d41ab4bcf5b3148dda67afa9e8f58c4751a7dfe", kill_on_drop: false }`
[INFO] running `Command { std: "docker" "rm" "-f" "4164cc83a05aeb99f51fe0709d41ab4bcf5b3148dda67afa9e8f58c4751a7dfe", kill_on_drop: false }`
[INFO] [stdout] 4164cc83a05aeb99f51fe0709d41ab4bcf5b3148dda67afa9e8f58c4751a7dfe
[INFO] running `Command { std: "docker" "create" "-v" "/var/lib/crater-agent-workspace/builds/worker-14/target:/opt/rustwide/target:rw,Z" "-v" "/var/lib/crater-agent-workspace/builds/worker-14/source:/opt/rustwide/workdir:ro,Z" "-v" "/var/lib/crater-agent-workspace/cargo-home:/opt/rustwide/cargo-home:ro,Z" "-v" "/var/lib/crater-agent-workspace/rustup-home:/opt/rustwide/rustup-home:ro,Z" "-e" "SOURCE_DIR=/opt/rustwide/workdir" "-e" "CARGO_TARGET_DIR=/opt/rustwide/target" "-e" "CARGO_INCREMENTAL=0" "-e" "RUST_BACKTRACE=full" "-e" "RUSTFLAGS=--cap-lints=forbid" "-e" "CARGO_HOME=/opt/rustwide/cargo-home" "-e" "RUSTUP_HOME=/opt/rustwide/rustup-home" "-w" "/opt/rustwide/workdir" "-m" "1610612736" "--user" "0:0" "--network" "none" "rustops/crates-build-env@sha256:d92eaeed33fa75130ca1ee6c8a01d1ffb62bac859dfdfb3450e3e5d1c0146529" "/opt/rustwide/cargo-home/bin/cargo" "+72f88fc4e9458f89516a0b8b0868f3718aec5b47" "check" "--frozen" "--all" "--all-targets" "--message-format=json", kill_on_drop: false }`
[INFO] [stderr] WARNING: Your kernel does not support swap limit capabilities or the cgroup is not mounted. Memory limited without swap.
[INFO] [stdout] bfb53cf71769f6e78b5e830a4ca846da538c9b59805f1a9cbb3745f184781c3e
[INFO] running `Command { std: "docker" "start" "-a" "bfb53cf71769f6e78b5e830a4ca846da538c9b59805f1a9cbb3745f184781c3e", kill_on_drop: false }`
[INFO] [stderr] warning: dependency (kevlar) specified without providing a local path, Git repository, or version to use. This will be considered an error in future versions
[INFO] [stderr] warning: dependency (thirtyfour) specified without providing a local path, Git repository, or version to use. This will be considered an error in future versions
[INFO] [stderr]    Compiling autocfg v1.0.1
[INFO] [stderr]    Compiling libc v0.2.77
[INFO] [stderr]     Checking cfg-if v0.1.10
[INFO] [stderr]    Compiling proc-macro2 v1.0.21
[INFO] [stderr]    Compiling unicode-xid v0.2.1
[INFO] [stderr]    Compiling syn v1.0.41
[INFO] [stderr]     Checking lazy_static v1.4.0
[INFO] [stderr]     Checking slab v0.4.2
[INFO] [stderr]     Checking fnv v1.0.7
[INFO] [stderr]    Compiling byteorder v1.3.4
[INFO] [stderr]     Checking futures v0.1.29
[INFO] [stderr]    Compiling version_check v0.9.2
[INFO] [stderr]     Checking either v1.6.0
[INFO] [stderr]    Compiling semver-parser v0.7.0
[INFO] [stderr]     Checking itoa v0.4.6
[INFO] [stderr]    Compiling maybe-uninit v2.0.0
[INFO] [stderr]    Compiling memchr v2.3.3
[INFO] [stderr]     Checking scopeguard v1.1.0
[INFO] [stderr]    Compiling proc-macro-hack v0.5.18
[INFO] [stderr]     Checking hashbrown v0.9.0
[INFO] [stderr]     Checking futures-core v0.3.5
[INFO] [stderr]    Compiling serde_derive v1.0.116
[INFO] [stderr]    Compiling cc v1.0.59
[INFO] [stderr]    Compiling pkg-config v0.3.18
[INFO] [stderr]    Compiling bitflags v1.2.1
[INFO] [stderr]    Compiling pin-project-internal v0.4.23
[INFO] [stderr]    Compiling serde v1.0.116
[INFO] [stderr]    Compiling proc-macro-nested v0.1.6
[INFO] [stderr]     Checking bytes v0.5.6
[INFO] [stderr]     Checking futures-sink v0.3.5
[INFO] [stderr]    Compiling httparse v1.3.4
[INFO] [stderr]     Checking try-lock v0.2.3
[INFO] [stderr]    Compiling typenum v1.12.0
[INFO] [stderr]     Checking futures-io v0.3.5
[INFO] [stderr]     Checking matches v0.1.8
[INFO] [stderr]     Checking pin-project-lite v0.1.7
[INFO] [stderr]    Compiling ryu v1.0.5
[INFO] [stderr]     Checking tinyvec v0.3.4
[INFO] [stderr]     Checking pin-utils v0.1.0
[INFO] [stderr]     Checking percent-encoding v2.1.0
[INFO] [stderr]    Compiling openssl v0.10.30
[INFO] [stderr]    Compiling serde_json v1.0.57
[INFO] [stderr]     Checking foreign-types-shared v0.1.1
[INFO] [stderr]    Compiling native-tls v0.2.4
[INFO] [stderr]     Checking mime v0.3.16
[INFO] [stderr]     Checking dtoa v0.4.6
[INFO] [stderr]     Checking openssl-probe v0.1.2
[INFO] [stderr]     Checking tower-service v0.3.0
[INFO] [stderr]    Compiling const_fn v0.4.2
[INFO] [stderr]    Compiling encoding_rs v0.8.24
[INFO] [stderr]     Checking regex-syntax v0.6.18
[INFO] [stderr]     Checking base64 v0.12.3
[INFO] [stderr]     Checking unicode-segmentation v1.6.0
[INFO] [stderr]     Checking base64 v0.11.0
[INFO] [stderr]     Checking ipnet v2.3.0
[INFO] [stderr]     Checking urlparse v0.7.3
[INFO] [stderr]     Checking tracing-core v0.1.16
[INFO] [stderr]     Checking thread_local v1.0.1
[INFO] [stderr]    Compiling semver v0.9.0
[INFO] [stderr]     Checking lock_api v0.3.4
[INFO] [stderr]    Compiling unicase v2.6.0
[INFO] [stderr]    Compiling standback v0.2.10
[INFO] [stderr]    Compiling time v0.2.19
[INFO] [stderr]     Checking futures-channel v0.3.5
[INFO] [stderr]     Checking unicode-bidi v0.3.4
[INFO] [stderr]    Compiling crossbeam-utils v0.7.2
[INFO] [stderr]    Compiling indexmap v1.6.0
[INFO] [stderr]    Compiling memoffset v0.5.5
[INFO] [stderr]    Compiling crossbeam-epoch v0.8.2
[INFO] [stderr]    Compiling num-traits v0.2.12
[INFO] [stderr]    Compiling num-integer v0.1.43
[INFO] [stderr]     Checking foreign-types v0.3.2
[INFO] [stderr]     Checking block-padding v0.1.5
[INFO] [stderr]     Checking http v0.2.1
[INFO] [stderr]     Checking unicode-normalization v0.1.13
[INFO] [stderr]     Checking log v0.4.11
[INFO] [stderr]     Checking tokio-sync v0.1.8
[INFO] [stderr]    Compiling rustc_version v0.2.3
[INFO] [stderr]     Checking smallvec v0.6.13
[INFO] [stderr]     Checking tracing v0.1.19
[INFO] [stderr]     Checking want v0.3.0
[INFO] [stderr]     Checking want v0.2.0
[INFO] [stderr]     Checking aho-corasick v0.7.13
[INFO] [stderr]     Checking base64 v0.10.1
[INFO] [stderr]     Checking iovec v0.1.4
[INFO] [stderr]     Checking num_cpus v1.13.0
[INFO] [stderr]     Checking net2 v0.2.35
[INFO] [stderr]     Checking time v0.1.44
[INFO] [stderr]     Checking socket2 v0.3.15
[INFO] [stderr]    Compiling openssl-sys v0.9.58
[INFO] [stderr]    Compiling parking_lot_core v0.6.2
[INFO] [stderr]    Compiling parking_lot v0.9.0
[INFO] [stderr]    Compiling hyper v0.12.35
[INFO] [stderr]    Compiling quote v1.0.7
[INFO] [stderr]     Checking bytes v0.4.12
[INFO] [stderr]    Compiling mime_guess v2.0.3
[INFO] [stderr]     Checking futures-cpupool v0.1.8
[INFO] [stderr]     Checking idna v0.2.0
[INFO] [stderr]     Checking mio v0.6.22
[INFO] [stderr]     Checking tokio-executor v0.1.10
[INFO] [stderr]     Checking crossbeam-queue v0.2.3
[INFO] [stderr]     Checking cookie v0.12.0
[INFO] [stderr]     Checking tokio-current-thread v0.1.7
[INFO] [stderr]     Checking tokio-timer v0.2.13
[INFO] [stderr]     Checking generic-array v0.12.3
[INFO] [stderr]     Checking crossbeam-deque v0.7.3
[INFO] [stderr]     Checking tokio-io v0.1.13
[INFO] [stderr]     Checking http v0.1.21
[INFO] [stderr]     Checking string v0.2.1
[INFO] [stderr]     Checking tokio-buf v0.1.1
[INFO] [stderr]     Checking url v2.1.1
[INFO] [stderr]     Checking tokio-threadpool v0.1.18
[INFO] [stderr]     Checking block-buffer v0.7.3
[INFO] [stderr]     Checking digest v0.8.1
[INFO] [stderr]     Checking regex v1.3.9
[INFO] [stderr]     Checking tokio-codec v0.1.2
[INFO] [stderr]     Checking sha-1 v0.8.2
[INFO] [stderr]     Checking mio-uds v0.6.8
[INFO] [stderr]     Checking tokio-reactor v0.1.12
[INFO] [stderr]     Checking http-body v0.3.1
[INFO] [stderr]     Checking tokio-uds v0.2.7
[INFO] [stderr]     Checking tokio-tcp v0.1.4
[INFO] [stderr]     Checking tokio-udp v0.1.6
[INFO] [stderr]     Checking tokio-fs v0.1.7
[INFO] [stderr]     Checking tokio v0.1.22
[INFO] [stderr]     Checking h2 v0.1.26
[INFO] [stderr]     Checking http-body v0.1.0
[INFO] [stderr]     Checking headers-core v0.1.1
[INFO] [stderr]     Checking headers v0.2.3
[INFO] [stderr]    Compiling futures-macro v0.3.5
[INFO] [stderr]    Compiling tokio-macros v0.2.5
[INFO] [stderr]    Compiling time-macros-impl v0.1.1
[INFO] [stderr]    Compiling async-trait v0.1.40
[INFO] [stderr]    Compiling serde_repr v0.1.6
[INFO] [stderr]     Checking time-macros v0.1.0
[INFO] [stderr]     Checking tokio v0.2.22
[INFO] [stderr]     Checking cookie v0.13.3
[INFO] [stderr]     Checking pin-project v0.4.23
[INFO] [stderr]     Checking futures-util v0.3.5
[INFO] [stderr]     Checking tokio-util v0.3.1
[INFO] [stderr]     Checking tokio-tls v0.3.1
[INFO] [stderr]     Checking h2 v0.2.6
[INFO] [stderr]     Checking futures-executor v0.3.5
[INFO] [stderr]     Checking futures v0.3.5
[INFO] [stderr]     Checking serde_urlencoded v0.6.1
[INFO] [stderr]     Checking chrono v0.4.15
[INFO] [stderr]     Checking hyper v0.13.7
[INFO] [stderr]     Checking warp v0.1.23
[INFO] [stderr]     Checking fern v0.5.9
[INFO] [stderr]     Checking kevlar v0.1.2
[INFO] [stderr]     Checking webdriver v0.40.2
[INFO] [stderr]     Checking hyper-tls v0.4.3
[INFO] [stderr]     Checking reqwest v0.10.8
[INFO] [stderr]     Checking fantoccini v0.12.1
[INFO] [stderr]     Checking thirtyfour v0.15.1
[INFO] [stderr]     Checking kevlar-example v0.1.0 (/opt/rustwide/workdir)
[INFO] [stdout] error[E0433]: failed to resolve: could not find `remote` in `thirtyfour`
[INFO] [stdout]  --> src/main.rs:9:17
[INFO] [stdout]   |
[INFO] [stdout] 9 | use thirtyfour::remote::command::{Command, SessionId};
[INFO] [stdout]   |                 ^^^^^^ could not find `remote` in `thirtyfour`
[INFO] [stdout] 
[INFO] [stdout] 
[INFO] [stdout] error[E0433]: failed to resolve: could not find `remote` in `thirtyfour`
[INFO] [stdout]   --> src/main.rs:10:17
[INFO] [stdout]    |
[INFO] [stdout] 10 | use thirtyfour::remote::connection_async::RemoteConnectionAsync;
[INFO] [stdout]    |                 ^^^^^^ could not find `remote` in `thirtyfour`
[INFO] [stdout] 
[INFO] [stdout] 
[INFO] [stdout] error[E0433]: failed to resolve: could not find `remote` in `thirtyfour`
[INFO] [stdout]   --> src/main.rs:11:17
[INFO] [stdout]    |
[INFO] [stdout] 11 | use thirtyfour::remote::connection_common::CommandError;
[INFO] [stdout]    |                 ^^^^^^ could not find `remote` in `thirtyfour`
[INFO] [stdout] 
[INFO] [stdout] 
[INFO] [stdout] error[E0433]: failed to resolve: could not find `remote` in `thirtyfour`
[INFO] [stdout]  --> src/main.rs:9:17
[INFO] [stdout]   |
[INFO] [stdout] 9 | use thirtyfour::remote::command::{Command, SessionId};
[INFO] [stdout]   |                 ^^^^^^ could not find `remote` in `thirtyfour`
[INFO] [stdout] 
[INFO] [stdout] 
[INFO] [stdout] error[E0433]: failed to resolve: could not find `remote` in `thirtyfour`
[INFO] [stdout]   --> src/main.rs:10:17
[INFO] [stdout]    |
[INFO] [stdout] 10 | use thirtyfour::remote::connection_async::RemoteConnectionAsync;
[INFO] [stdout]    |                 ^^^^^^ could not find `remote` in `thirtyfour`
[INFO] [stdout] 
[INFO] [stdout] 
[INFO] [stdout] error[E0433]: failed to resolve: could not find `remote` in `thirtyfour`
[INFO] [stdout]   --> src/main.rs:11:17
[INFO] [stdout]    |
[INFO] [stdout] 11 | use thirtyfour::remote::connection_common::CommandError;
[INFO] [stdout]    |                 ^^^^^^ could not find `remote` in `thirtyfour`
[INFO] [stdout] 
[INFO] [stdout] 
[INFO] [stdout] error[E0433]: failed to resolve: use of undeclared type or module `RemoteConnectionAsync`
[INFO] [stdout]   --> src/main.rs:36:20
[INFO] [stdout]    |
[INFO] [stdout] 36 |         let conn = RemoteConnectionAsync::new("http://localhost:4444/wd/hub")?;
[INFO] [stdout]    |                    ^^^^^^^^^^^^^^^^^^^^^ use of undeclared type or module `RemoteConnectionAsync`
[INFO] [stdout] 
[INFO] [stdout] 
[INFO] [stdout] error[E0412]: cannot find type `CommandError` in this scope
[INFO] [stdout]   --> src/main.rs:35:43
[INFO] [stdout]    |
[INFO] [stdout] 34 | impl MyTest {
[INFO] [stdout]    |     - help: you might be missing a type parameter: `<CommandError>`
[INFO] [stdout] 35 |     async fn webtest(&self) -> Result<(), CommandError> {
[INFO] [stdout]    |                                           ^^^^^^^^^^^^ not found in this scope
[INFO] [stdout] 
[INFO] [stdout] 
[INFO] [stdout] error[E0433]: failed to resolve: use of undeclared type or module `Command`
[INFO] [stdout]   --> src/main.rs:44:30
[INFO] [stdout]    |
[INFO] [stdout] 44 |         let v = conn.execute(Command::NewSession(caps)).await?;
[INFO] [stdout]    |                              ^^^^^^^ not found in this scope
[INFO] [stdout]    |
[INFO] [stdout] help: consider importing one of these items
[INFO] [stdout]    |
[INFO] [stdout] 1  | use crate::thread::thread::env::sys::ext::process::process::Command;
[INFO] [stdout]    |
[INFO] [stdout] 1  | use crate::thread::thread::env::sys::process::Command;
[INFO] [stdout]    |
[INFO] [stdout] 1  | use std::process::Command;
[INFO] [stdout]    |
[INFO] [stdout] 1  | use thirtyfour::common::command::Command;
[INFO] [stdout]    |
[INFO] [stdout] 
[INFO] [stdout] 
[INFO] [stdout] error[E0433]: failed to resolve: use of undeclared type or module `SessionId`
[INFO] [stdout]   --> src/main.rs:45:26
[INFO] [stdout]    |
[INFO] [stdout] 45 |         let session_id = SessionId::from(v["sessionId"].as_str().unwrap());
[INFO] [stdout]    |                          ^^^^^^^^^ not found in this scope
[INFO] [stdout]    |
[INFO] [stdout] help: consider importing this struct
[INFO] [stdout]    |
[INFO] [stdout] 1  | use thirtyfour::SessionId;
[INFO] [stdout]    |
[INFO] [stdout] 
[INFO] [stdout] 
[INFO] [stdout] error[E0433]: failed to resolve: use of undeclared type or module `Command`
[INFO] [stdout]   --> src/main.rs:47:22
[INFO] [stdout]    |
[INFO] [stdout] 47 |         conn.execute(Command::NavigateTo(
[INFO] [stdout]    |                      ^^^^^^^ not found in this scope
[INFO] [stdout]    |
[INFO] [stdout] help: consider importing one of these items
[INFO] [stdout]    |
[INFO] [stdout] 1  | use crate::thread::thread::env::sys::ext::process::process::Command;
[INFO] [stdout]    |
[INFO] [stdout] 1  | use crate::thread::thread::env::sys::process::Command;
[INFO] [stdout]    |
[INFO] [stdout] 1  | use std::process::Command;
[INFO] [stdout]    |
[INFO] [stdout] 1  | use thirtyfour::common::command::Command;
[INFO] [stdout]    |
[INFO] [stdout] 
[INFO] [stdout] 
[INFO] [stdout] error[E0433]: failed to resolve: use of undeclared type or module `Command`
[INFO] [stdout]   --> src/main.rs:53:22
[INFO] [stdout]    |
[INFO] [stdout] 53 |         conn.execute(Command::DeleteSession(&session_id)).await?;
[INFO] [stdout]    |                      ^^^^^^^ not found in this scope
[INFO] [stdout]    |
[INFO] [stdout] help: consider importing one of these items
[INFO] [stdout]    |
[INFO] [stdout] 1  | use crate::thread::thread::env::sys::ext::process::process::Command;
[INFO] [stdout]    |
[INFO] [stdout] 1  | use crate::thread::thread::env::sys::process::Command;
[INFO] [stdout]    |
[INFO] [stdout] 1  | use std::process::Command;
[INFO] [stdout]    |
[INFO] [stdout] 1  | use thirtyfour::common::command::Command;
[INFO] [stdout]    |
[INFO] [stdout] 
[INFO] [stdout] 
[INFO] [stdout] error[E0282]: type annotations needed
[INFO] [stdout]   --> src/main.rs:29:9
[INFO] [stdout]    |
[INFO] [stdout] 29 |         self.webtest().await.map_err(|e| TestEvent::new(TestStatus::Failed).with_description(&format!("CommandError: {:?}", e)))?;
[INFO] [stdout]    |         ^^^^^^^^^^^^^^^^^^^^ cannot infer type
[INFO] [stdout]    |
[INFO] [stdout]    = note: type must be known at this point
[INFO] [stdout] 
[INFO] [stdout] 
[INFO] [stdout] error[E0433]: failed to resolve: use of undeclared type or module `RemoteConnectionAsync`
[INFO] [stdout]   --> src/main.rs:36:20
[INFO] [stdout]    |
[INFO] [stdout] 36 |         let conn = RemoteConnectionAsync::new("http://localhost:4444/wd/hub")?;
[INFO] [stdout]    |                    ^^^^^^^^^^^^^^^^^^^^^ use of undeclared type or module `RemoteConnectionAsync`
[INFO] [stdout] 
[INFO] [stdout] 
[INFO] [stdout] error[E0412]: cannot find type `CommandError` in this scope
[INFO] [stdout]   --> src/main.rs:35:43
[INFO] [stdout]    |
[INFO] [stdout] 34 | impl MyTest {
[INFO] [stdout]    |     - help: you might be missing a type parameter: `<CommandError>`
[INFO] [stdout] 35 |     async fn webtest(&self) -> Result<(), CommandError> {
[INFO] [stdout]    |                                           ^^^^^^^^^^^^ not found in this scope
[INFO] [stdout] 
[INFO] [stdout] 
[INFO] [stdout] error[E0433]: failed to resolve: use of undeclared type or module `Command`
[INFO] [stdout]   --> src/main.rs:44:30
[INFO] [stdout]    |
[INFO] [stdout] 44 |         let v = conn.execute(Command::NewSession(caps)).await?;
[INFO] [stdout]    |                              ^^^^^^^ not found in this scope
[INFO] [stdout]    |
[INFO] [stdout] help: consider importing one of these items
[INFO] [stdout]    |
[INFO] [stdout] 1  | use crate::thread::thread::env::sys::ext::process::process::Command;
[INFO] [stdout]    |
[INFO] [stdout] 1  | use crate::thread::thread::env::sys::process::Command;
[INFO] [stdout]    |
[INFO] [stdout] 1  | use std::process::Command;
[INFO] [stdout]    |
[INFO] [stdout] 1  | use thirtyfour::common::command::Command;
[INFO] [stdout]    |
[INFO] [stdout] 
[INFO] [stdout] 
[INFO] [stdout] error[E0433]: failed to resolve: use of undeclared type or module `SessionId`
[INFO] [stdout]   --> src/main.rs:45:26
[INFO] [stdout]    |
[INFO] [stdout] 45 |         let session_id = SessionId::from(v["sessionId"].as_str().unwrap());
[INFO] [stdout]    |                          ^^^^^^^^^ not found in this scope
[INFO] [stdout]    |
[INFO] [stdout] help: consider importing this struct
[INFO] [stdout]    |
[INFO] [stdout] 1  | use thirtyfour::SessionId;
[INFO] [stdout]    |
[INFO] [stdout] 
[INFO] [stdout] 
[INFO] [stdout] error[E0433]: failed to resolve: use of undeclared type or module `Command`
[INFO] [stdout]   --> src/main.rs:47:22
[INFO] [stdout]    |
[INFO] [stdout] 47 |         conn.execute(Command::NavigateTo(
[INFO] [stdout]    |                      ^^^^^^^ not found in this scope
[INFO] [stdout]    |
[INFO] [stdout] help: consider importing one of these items
[INFO] [stdout]    |
[INFO] [stdout] 1  | use crate::thread::thread::env::sys::ext::process::process::Command;
[INFO] [stdout]    |
[INFO] [stdout] 1  | use crate::thread::thread::env::sys::process::Command;
[INFO] [stdout]    |
[INFO] [stdout] 1  | use std::process::Command;
[INFO] [stdout]    |
[INFO] [stdout] 1  | use thirtyfour::common::command::Command;
[INFO] [stdout]    |
[INFO] [stdout] 
[INFO] [stdout] 
[INFO] [stdout] error[E0433]: failed to resolve: use of undeclared type or module `Command`
[INFO] [stdout]   --> src/main.rs:53:22
[INFO] [stdout]    |
[INFO] [stdout] 53 |         conn.execute(Command::DeleteSession(&session_id)).await?;
[INFO] [stdout]    |                      ^^^^^^^ not found in this scope
[INFO] [stdout]    |
[INFO] [stdout] help: consider importing one of these items
[INFO] [stdout]    |
[INFO] [stdout] 1  | use crate::thread::thread::env::sys::ext::process::process::Command;
[INFO] [stdout]    |
[INFO] [stdout] 1  | use crate::thread::thread::env::sys::process::Command;
[INFO] [stdout]    |
[INFO] [stdout] 1  | use std::process::Command;
[INFO] [stdout]    |
[INFO] [stdout] 1  | use thirtyfour::common::command::Command;
[INFO] [stdout]    |
[INFO] [stdout] 
[INFO] [stdout] 
[INFO] [stdout] error: aborting due to 10 previous errors
[INFO] [stdout] 
[INFO] [stdout] 
[INFO] [stdout] Some errors have detailed explanations: E0282, E0412, E0433.
[INFO] [stdout] 
[INFO] [stdout] For more information about an error, try `rustc --explain E0282`.
[INFO] [stdout] 
[INFO] [stderr] error: could not compile `kevlar-example`.
[INFO] [stderr] 
[INFO] [stderr] To learn more, run the command again with --verbose.
[INFO] [stderr] warning: build failed, waiting for other jobs to finish...
[INFO] [stdout] error[E0282]: type annotations needed
[INFO] [stdout]   --> src/main.rs:29:9
[INFO] [stdout]    |
[INFO] [stdout] 29 |         self.webtest().await.map_err(|e| TestEvent::new(TestStatus::Failed).with_description(&format!("CommandError: {:?}", e)))?;
[INFO] [stdout]    |         ^^^^^^^^^^^^^^^^^^^^ cannot infer type
[INFO] [stdout]    |
[INFO] [stdout]    = note: type must be known at this point
[INFO] [stdout] 
[INFO] [stdout] 
[INFO] [stdout] error: aborting due to 10 previous errors
[INFO] [stdout] 
[INFO] [stdout] 
[INFO] [stdout] Some errors have detailed explanations: E0282, E0412, E0433.
[INFO] [stdout] 
[INFO] [stdout] For more information about an error, try `rustc --explain E0282`.
[INFO] [stdout] 
[INFO] [stderr] error: build failed
[INFO] running `Command { std: "docker" "inspect" "bfb53cf71769f6e78b5e830a4ca846da538c9b59805f1a9cbb3745f184781c3e", kill_on_drop: false }`
[INFO] running `Command { std: "docker" "rm" "-f" "bfb53cf71769f6e78b5e830a4ca846da538c9b59805f1a9cbb3745f184781c3e", kill_on_drop: false }`
[INFO] [stdout] bfb53cf71769f6e78b5e830a4ca846da538c9b59805f1a9cbb3745f184781c3e
